{"id":464,"date":"2013-03-25T23:30:10","date_gmt":"2013-03-25T21:30:10","guid":{"rendered":"http:\/\/www.musikverein-amstetten.at\/word\/?page_id=464"},"modified":"2025-06-25T14:00:58","modified_gmt":"2025-06-25T12:00:58","slug":"stadtkapelle-amstetten","status":"publish","type":"page","link":"http:\/\/www.musikverein-amstetten.at\/word\/?page_id=464","title":{"rendered":"Stadtkapelle Amstetten"},"content":{"rendered":"<div style=\"text-align: center;\">\n<p style=\"text-align: center;\" align=\"center\"><a href=\"http:\/\/www.musikverein-amstetten.at\/word\/wp-content\/uploads\/2013\/03\/STRICHER-MIT.png\"><img loading=\"lazy\" decoding=\"async\" class=\"aligncenter wp-image-3596 size-full\" src=\"http:\/\/www.musikverein-amstetten.at\/word\/wp-content\/uploads\/2022\/12\/Kapelle-1920-01.jpg\" alt=\"\" width=\"1920\" height=\"781\" srcset=\"http:\/\/www.musikverein-amstetten.at\/word\/wp-content\/uploads\/2022\/12\/Kapelle-1920-01.jpg 1920w, http:\/\/www.musikverein-amstetten.at\/word\/wp-content\/uploads\/2022\/12\/Kapelle-1920-01-300x122.jpg 300w, http:\/\/www.musikverein-amstetten.at\/word\/wp-content\/uploads\/2022\/12\/Kapelle-1920-01-1200x488.jpg 1200w, http:\/\/www.musikverein-amstetten.at\/word\/wp-content\/uploads\/2022\/12\/Kapelle-1920-01-150x61.jpg 150w, http:\/\/www.musikverein-amstetten.at\/word\/wp-content\/uploads\/2022\/12\/Kapelle-1920-01-768x312.jpg 768w, http:\/\/www.musikverein-amstetten.at\/word\/wp-content\/uploads\/2022\/12\/Kapelle-1920-01-1536x625.jpg 1536w\" sizes=\"(max-width: 1920px) 100vw, 1920px\" \/><\/a><\/p>\n<h2 align=\"center\"><strong>Chronik (Auszug) des Musikvereines der S<\/strong><strong>tadt Amstetten<\/strong><\/h2>\n<p align=\"center\"><strong><br \/>\nGr\u00fcndung einer Blasmusikkapelle um 1875\u00a0<\/strong><strong>mit dem Namen &#8222;Marktmusikverein&#8220;. <\/strong><\/p>\n<p align=\"center\"><strong>Aus bis zu sechs verschiedenen Blasmusikkapellen in Amstetten\u00a0entstand 1962 der Musikverein der Stadt Amstetten.<\/strong><\/p>\n<p style=\"text-align: left;\" align=\"left\"><span style=\"font-size: 14px;\"><span style=\"color: #000000;\"><span style=\"font-family: Arial, sans-serif;\">Heute besteht der Musikverein der Stadt Amstetten aus mehreren unterschiedlichen <\/span><\/span><span style=\"color: #000000;\"><span style=\"font-family: Arial, sans-serif;\">Klangk\u00f6rpern, die sich durch ihre musikalischen Leistungen bei nationalen und internationalen Auftritten zahlreiche Lorbeeren verdient haben (Stadtkapelle Amstetten, Jugendkapelle Amstetten, Amstettner Musikanten &#8211; Alpine Aspects, Mostviertler Birnbeitler; letztere sind Kulturpreistr\u00e4ger des Landes N\u00d6 2011).\u00a0<\/span><\/span><\/span><span style=\"color: #000000; font-size: 14px;\"><span style=\"font-family: Arial, sans-serif;\">Die Stadtkapelle Amstetten samt Streichergruppe bietet unter anderem beim traditionellen Weihnachtswunschkonzert (seit 1955\u00a0in ununterbrochener Reihenfolge) von traditioneller Blasmusik \u00fcber Big Band Sound bis zur symphonischen Musik ein breites Spektrum. <\/span><\/span><span style=\"font-size: 14px;\"><span style=\"color: #000000;\"><span style=\"font-family: Arial, sans-serif;\">Eine CD-Aufnahme unter dem Titel \u201eMostviertler Bl\u00e4sermix\u201c beweist die Vielseitigkeit <\/span><\/span><span style=\"color: #000000;\"><span style=\"font-family: Arial, sans-serif;\">und das K\u00f6nnen der Stadtkapelle. In all den Jahren konnte die Stadtkapelle Amstetten ausschlie\u00dflich ausgezeichnete Erfolge in ALLEN Wertungsstufen bei Konzertwertungsspielen des N\u00d6-Blasmusiverbandes mit nach Hause nehmen. <\/span><\/span><span style=\"color: #000000;\"><span style=\"font-family: Arial, sans-serif;\">Einladungen zu Konzertreisen nach Italien, Tschechien und Deutschland und Auftritte gemeinsam mit Wolfgang Puschnig und Roland Batik unter dem Titel \u201eBlasmusik &amp; Other Sounds\u201c waren in der Vergangenheit H\u00f6hepunkte des Wirkens der Stadtkapelle der Stadt Amstetten.<\/span><\/span><\/span><\/p>\n<p><strong>Musikalische Leiter ( Kapellmeister ):<\/strong><\/p>\n<\/div>\n<div style=\"text-align: center;\">1954 &#8211; 1972 Josef EBNER<\/div>\n<div style=\"text-align: center;\">1973 &#8211; 1978 Josef BR\u00dcCKLER<\/div>\n<div style=\"text-align: center;\">1979 &#8211; 2018\u00a0Robert PUSSECKER<\/div>\n<div style=\"text-align: center;\">2015 &#8211; 2022 Stefan JANDL<\/div>\n<div style=\"text-align: center;\">seit 2022 Helene IRAUSCHEK<\/p>\n<p style=\"text-align: center;\"><strong>Obm\u00e4nner:<\/strong><\/p>\n<p style=\"text-align: center;\">1962 &#8211; 1967\u00a0 Franz KRONSTEINER<br \/>\n1968 &#8211; 1972\u00a0 Anton P\u00d6CHHACKER<br \/>\n1973 &#8211; 1975\u00a0 Heinrich RAAB<br \/>\n1976 &#8211; 1983\u00a0 Josef STRASSER<br \/>\n1984 &#8211; 1990\u00a0 Josef PLAIMER<br \/>\n1991 &#8211; 2007\u00a0 Oskar EDER<\/p>\n<p style=\"text-align: center;\">seit 2007\u00a0 Herbert KLAUS<\/p>\n<p style=\"text-align: center;\"><strong style=\"font-size: revert;\">Umsetzung gr\u00f6\u00dferer Vorhaben:<\/strong><\/p>\n<\/div>\n<div style=\"text-align: center;\">\n<p style=\"text-align: center;\">Neueinkleidung (1963)<br \/>\nNeuinstrumentierung ( 40 Instrumente ) im Jahre 1966<br \/>\nBaubeginn &#8222;Haus der Musik&#8220; in Amstetten, Gutenbergstr. 2\u00a0(1968), Baueinstellung mangels Geldmittel<br \/>\nAbtretung des Besitzrechtes am Haus der Musik an die Stadtgemeinde (1973)<br \/>\nEr\u00f6ffnung des Hauses der Musik am 26.5.1974<br \/>\nNeueinkleidung (1978)<br \/>\nMusikheimzubau-Er\u00f6ffnung am 28.8.1992<br \/>\nNeueinkleidung (1996)<br \/>\nCD-Produktion &#8222;Mostviertler Bl\u00e4sermix&#8220;<\/p>\n<p style=\"text-align: center;\">DVD-Produktion 50 Jahre Weihnachtswunschkonzert 129 Jahre Blasmusik in Amstetten (2004)<\/p>\n<p style=\"text-align: center;\">laufend bis heute Neu- und Zusatzinstrumentierung<\/p>\n<p style=\"text-align: center;\">Gestaltung eines Vereinslogos (blaue Birne mit Note) 2008, Ersichtlichmachung auf s\u00e4mtlichen Hemdkr\u00e4gen, Poloshirts, Kappen, Briefpapier, Kuverts, Marschb\u00fccher, &#8230;<\/p>\n<p style=\"text-align: center;\">2009 Vorbereitungen, Planungen, &#8230; Probensaal samt Infrastruktur am Areal Hautpschule Pestalozzistra\u00dfe im Rahmen der Errichtung einer neuen N\u00d6 Mittelschule samt Musikschule und Musikvereinsr\u00e4umlichkeiten; geplante Fertigstellung Herbst 2014<\/p>\n<p style=\"text-align: center;\">2014 Er\u00f6ffnung Neues Haus der Musik am 31.08.2014 mit Feldmesse, Festakt, Fr\u00fchschoppen mit der Trachtenmusikkapelle Windhag vor ann\u00e4hernd 1000 Besuchern. Dem Verein stehen nunmehr ca. 500 m2 an modernster Blasmusikinfrastruktur in der Stefan-Fadinger-Stra\u00dfe 21, 3300 Amstetten, zur Verf\u00fcgung<\/p>\n<p style=\"text-align: center;\">DVD-Produktion 60. Weihnachtswunschkonzert 2014<\/p>\n<p style=\"text-align: center;\">2018 Robert Pussecker \u00fcbergibt das Dirigat an Stefan Jandl und in Vertretung an\u00a0Helene Irauschek<\/p>\n<p>2022 Helene Irauschek \u00fcbernimmt die musikalische Leitung des Musikvereins<\/p>\n<p>Jubil\u00e4umsgala und Jubil\u00e4umskonzert &#8222;150 Jahre Blasmusik in Amstetten 1875 &#8211; 2025&#8220;<\/p>\n<p style=\"text-align: center;\">dzt. ca. 90 aktive Mitglieder<\/p>\n<\/div>\n","protected":false},"excerpt":{"rendered":"<p>Chronik (Auszug) des Musikvereines der Stadt Amstetten Gr\u00fcndung einer Blasmusikkapelle um 1875\u00a0mit dem Namen &#8222;Marktmusikverein&#8220;. Aus bis zu sechs verschiedenen Blasmusikkapellen in Amstetten\u00a0entstand 1962 der Musikverein der Stadt Amstetten. Heute besteht der Musikverein der Stadt Amstetten aus mehreren unterschiedlichen Klangk\u00f6rpern, die sich durch ihre musikalischen Leistungen bei nationalen und internationalen Auftritten zahlreiche Lorbeeren verdient haben [&hellip;]<\/p>\n","protected":false},"author":1,"featured_media":0,"parent":0,"menu_order":0,"comment_status":"closed","ping_status":"closed","template":"","meta":{"footnotes":""},"_links":{"self":[{"href":"http:\/\/www.musikverein-amstetten.at\/word\/index.php?rest_route=\/wp\/v2\/pages\/464"}],"collection":[{"href":"http:\/\/www.musikverein-amstetten.at\/word\/index.php?rest_route=\/wp\/v2\/pages"}],"about":[{"href":"http:\/\/www.musikverein-amstetten.at\/word\/index.php?rest_route=\/wp\/v2\/types\/page"}],"author":[{"embeddable":true,"href":"http:\/\/www.musikverein-amstetten.at\/word\/index.php?rest_route=\/wp\/v2\/users\/1"}],"replies":[{"embeddable":true,"href":"http:\/\/www.musikverein-amstetten.at\/word\/index.php?rest_route=%2Fwp%2Fv2%2Fcomments&post=464"}],"version-history":[{"count":22,"href":"http:\/\/www.musikverein-amstetten.at\/word\/index.php?rest_route=\/wp\/v2\/pages\/464\/revisions"}],"predecessor-version":[{"id":3821,"href":"http:\/\/www.musikverein-amstetten.at\/word\/index.php?rest_route=\/wp\/v2\/pages\/464\/revisions\/3821"}],"wp:attachment":[{"href":"http:\/\/www.musikverein-amstetten.at\/word\/index.php?rest_route=%2Fwp%2Fv2%2Fmedia&parent=464"}],"curies":[{"name":"wp","href":"https:\/\/api.w.org\/{rel}","templated":true}]}}